{"id":343,"date":"2017-09-25T23:16:58","date_gmt":"2017-09-25T21:16:58","guid":{"rendered":"https:\/\/www.idforyou.fr\/blog\/?page_id=343"},"modified":"2017-10-03T10:53:53","modified_gmt":"2017-10-03T08:53:53","slug":"decouvrez-la-technologie-de-charge-sans-fil-up-mobile","status":"publish","type":"page","link":"https:\/\/www.idforyou.fr\/blog\/decouvrez-la-technologie-de-charge-sans-fil-up-mobile\/","title":{"rendered":"\u00ab D\u00e9couvrez la technologie de charge sans fil Up Mobile\u00a0\u00bb"},"content":{"rendered":"<p><a href=\"https:\/\/www.idforyou.fr\/fr\/content\/24-gamme-up-mobile-\" target=\"_blank\" rel=\"noopener\"><img loading=\"lazy\" class=\"aligncenter wp-image-350 size-full\" src=\"https:\/\/www.idforyou.fr\/blog\/wp-content\/uploads\/2017\/09\/TITRE_UP_MOBILE.jpg\" alt=\"\" width=\"900\" height=\"172\" srcset=\"https:\/\/www.idforyou.fr\/blog\/wp-content\/uploads\/2017\/09\/TITRE_UP_MOBILE.jpg 900w, https:\/\/www.idforyou.fr\/blog\/wp-content\/uploads\/2017\/09\/TITRE_UP_MOBILE-300x57.jpg 300w, https:\/\/www.idforyou.fr\/blog\/wp-content\/uploads\/2017\/09\/TITRE_UP_MOBILE-768x147.jpg 768w\" sizes=\"(max-width: 767px) 89vw, (max-width: 1000px) 54vw, (max-width: 1071px) 543px, 580px\" \/><\/a><\/p>\n<p style=\"text-align: justify;\"><span style=\"font-size: 10pt; font-family: helvetica, arial, sans-serif;\">La ligne UP MOBILE propose des solutions de chargement par induction. Un simple contact suffit pour que la charge d\u00e9marre. Le syst\u00e8me magn\u00e9tique permet une parfaite fixation du mobile en voiture, au bureau, dans la cuisine ou via sa PowerBank magn\u00e9tique.<\/span><br \/>\n<span style=\"font-size: 10pt; font-family: helvetica, arial, sans-serif;\">Compatibilit\u00e9 entre toutes les solutions UP MOBILE ainsi qu\u2019avec de nombreuses solutions de charges mobiles. Une fois votre mobile \u00e9quip\u00e9 d&rsquo;une solution r\u00e9ceptrice de charge sans-fil, un simple contact avec une station UP MOBILE suffit pour le fixer et lancer sa charge.<\/span><\/p>\n<hr \/>\n<div style=\"width: 525px;\" class=\"wp-video\"><!--[if lt IE 9]><script>document.createElement('video');<\/script><![endif]-->\n<video class=\"wp-video-shortcode\" id=\"video-343-1\" width=\"525\" height=\"295\" preload=\"metadata\" controls=\"controls\"><source type=\"video\/mp4\" src=\"https:\/\/www.idforyou.fr\/blog\/wp-content\/uploads\/2017\/09\/UP-MOBILE.mp4?_=1\" \/><a href=\"https:\/\/www.idforyou.fr\/blog\/wp-content\/uploads\/2017\/09\/UP-MOBILE.mp4\">https:\/\/www.idforyou.fr\/blog\/wp-content\/uploads\/2017\/09\/UP-MOBILE.mp4<\/a><\/video><\/div>\n<hr \/>\n<p style=\"text-align: center;\"><span style=\"font-size: 24pt; font-family: helvetica, arial, sans-serif; color: #a7c4c8;\"><strong><span class=\"Style3\"><span style=\"font-size: 18pt;\">APPAREILS COMPATIBLES<\/span><br \/>\n<\/span><\/strong><\/span><span style=\"font-family: helvetica, arial, sans-serif; font-size: 12pt; color: #a7c4c8;\"><strong>Coque magn\u00e9tique charge sans-fil &#8211; iPhone 7<\/strong><\/span><\/p>\n<p><img loading=\"lazy\" class=\"aligncenter wp-image-347 size-full\" src=\"https:\/\/www.idforyou.fr\/blog\/wp-content\/uploads\/2017\/09\/IP7-NOIR-BLANC.jpg\" alt=\"\" width=\"435\" height=\"268\" srcset=\"https:\/\/www.idforyou.fr\/blog\/wp-content\/uploads\/2017\/09\/IP7-NOIR-BLANC.jpg 435w, https:\/\/www.idforyou.fr\/blog\/wp-content\/uploads\/2017\/09\/IP7-NOIR-BLANC-300x185.jpg 300w\" sizes=\"(max-width: 435px) 100vw, 435px\" \/><\/p>\n<p><span style=\"font-family: helvetica, arial, sans-serif; font-size: 10pt;\">La coque iPhone 7 d\u2019Exelium permet \u00e0 votre iPhone de b\u00e9n\u00e9ficier de la technologie de charge sans-fil Qi.\u00a0<\/span><span style=\"font-family: helvetica, arial, sans-serif; font-size: 10pt;\">Elle dispose \u00e9galement du syst\u00e8me de fixation magn\u00e9tique qui vous permettra de fixer votre t\u00e9l\u00e9phone sur toutes les stations de charge sans-fil Exelium et de le recharger en un seul geste.<\/span><\/p>\n<p><span style=\"font-size: 10pt;\"><strong><span style=\"font-family: helvetica, arial, sans-serif;\">Existe en deux coloris : Noir et Blanc<\/span><\/strong><\/span><br \/>\n<span style=\"font-size: 10pt;\"><strong><span style=\"font-family: helvetica, arial, sans-serif;\">Compatible iPhone 6\/6S<\/span><\/strong><\/span><\/p>\n<p style=\"text-align: center;\"><span style=\"font-family: helvetica, arial, sans-serif; font-size: 8pt;\"><a href=\"https:\/\/www.idforyou.fr\/fr\/up-mobile\/434-coque-magnetique-charge-sans-fil-iphone-7-6s-6.html\" target=\"_blank\" rel=\"noopener\">LIEN DIRECT POUR LA COQUE MAGNETIQUE CHARGE SANS FIL IPHONE 7<\/a><\/span><\/p>\n<hr \/>\n<p style=\"text-align: center;\"><span style=\"font-size: 12pt; font-family: helvetica, arial, sans-serif; color: #a7c4c8;\"><strong>Coque magn\u00e9tique charge sans-fil &#8211; iPhone 7 Plus<\/strong><\/span><\/p>\n<p><img loading=\"lazy\" class=\"aligncenter wp-image-348 size-full\" src=\"https:\/\/www.idforyou.fr\/blog\/wp-content\/uploads\/2017\/09\/IP7PLUS-NOIR-BLANC.jpg\" alt=\"\" width=\"435\" height=\"268\" srcset=\"https:\/\/www.idforyou.fr\/blog\/wp-content\/uploads\/2017\/09\/IP7PLUS-NOIR-BLANC.jpg 435w, https:\/\/www.idforyou.fr\/blog\/wp-content\/uploads\/2017\/09\/IP7PLUS-NOIR-BLANC-300x185.jpg 300w\" sizes=\"(max-width: 435px) 100vw, 435px\" \/><\/p>\n<p style=\"text-align: justify;\"><span style=\"font-size: 10pt; font-family: helvetica, arial, sans-serif;\">La coque iPhone 7 Plus d\u2019Exelium permet \u00e0 votre iPhone de b\u00e9n\u00e9ficier de la technologie de charge sans-fil Qi.\u00a0<\/span><span style=\"font-size: 10pt; font-family: helvetica, arial, sans-serif;\">Elle dispose \u00e9galement du syst\u00e8me de fixation magn\u00e9tique qui vous permettra de fixer votre t\u00e9l\u00e9phone sur toutes les stations de charge sans-fil Exelium et de le recharger en un seul geste.<\/span><\/p>\n<p><span style=\"font-size: 10pt;\"><strong><span style=\"font-family: helvetica, arial, sans-serif;\">Existe en deux coloris : Noir et Blanc<\/span><\/strong><\/span><br \/>\n<span style=\"font-size: 10pt;\"><strong><span style=\"font-family: helvetica, arial, sans-serif;\">Compatible iPhone 6\/6S<\/span><\/strong><\/span><\/p>\n<p style=\"text-align: center;\"><span style=\"font-size: 8pt; font-family: helvetica, arial, sans-serif;\"><a href=\"https:\/\/www.idforyou.fr\/fr\/up-mobile\/435-coque-magnetique-charge-sans-fil-iphone-7p-6sp-6p.html\" target=\"_blank\" rel=\"noopener\">LIEN DIRECT POUR LA COQUE MAGNETIQUE CHARGE SANS FIL IPHONE 7 Plus<\/a><\/span><\/p>\n<hr \/>\n<p style=\"text-align: center;\"><span style=\"font-size: 12pt; font-family: helvetica, arial, sans-serif; color: #a7c4c8;\"><strong><span class=\"Style1\">Galaxy S8 &#8211; Coque magn\u00e9tique charge sans-fil<\/span><\/strong><\/span><\/p>\n<p><img loading=\"lazy\" class=\"aligncenter wp-image-346 size-full\" src=\"https:\/\/www.idforyou.fr\/blog\/wp-content\/uploads\/2017\/09\/GALAXYS8.jpg\" alt=\"\" width=\"435\" height=\"268\" srcset=\"https:\/\/www.idforyou.fr\/blog\/wp-content\/uploads\/2017\/09\/GALAXYS8.jpg 435w, https:\/\/www.idforyou.fr\/blog\/wp-content\/uploads\/2017\/09\/GALAXYS8-300x185.jpg 300w\" sizes=\"(max-width: 435px) 100vw, 435px\" \/><\/p>\n<p style=\"text-align: justify;\"><span style=\"font-family: helvetica, arial, sans-serif;\"><span style=\"font-size: 10pt;\">La coque de protection pour Samsung Galaxy S8 dispose d&rsquo;un syst\u00e8me de fixation magn\u00e9tique qui vous permet de fixer votre Galaxy S8 sur toutes les stations de chargement sans-fil Up Mobile, et de le recharger en un seul geste.\u00a0<\/span><span style=\"font-size: 10pt;\">Le t\u00e9l\u00e9phone Samsung Galaxy S8 est dot\u00e9 nativement de la technologie de recharge sans-fil. iD FOR YOU\u00a0propose ainsi une coque de protection extra fine \u00e9quip\u00e9e d&rsquo;un syst\u00e8me de fixation magn\u00e9tique. La combinaison de ces 2 fonctions (charge sans-fil et fixation magn\u00e9tique) procure un confort d&rsquo;utilisation in\u00e9gal\u00e9 \u00e0 l&rsquo;utilisateur.<\/span><\/span><\/p>\n<p style=\"text-align: center;\"><span style=\"font-size: 8pt; font-family: helvetica, arial, sans-serif;\"><a href=\"https:\/\/www.idforyou.fr\/fr\/up-mobile\/520-exelium-coque-magnetique-de-charge-sans-fil-galaxy-s8-3700470002418.html\" target=\"_blank\" rel=\"noopener\">LIEN DIRECT POUR LA COQUE DE CHARGE SANS FIL POUR GALAXY S8<\/a><\/span><\/p>\n<hr \/>\n<p style=\"text-align: center;\"><span style=\"font-family: helvetica, arial, sans-serif; font-size: 12pt; color: #a7c4c8;\"><strong><span class=\"Style1\">Galaxy S6 &#8211; Coque magn\u00e9tique charge sans-fil<\/span><\/strong><\/span><\/p>\n<p><img loading=\"lazy\" class=\"aligncenter wp-image-345 size-full\" src=\"https:\/\/www.idforyou.fr\/blog\/wp-content\/uploads\/2017\/09\/GALAXYS6.jpg\" alt=\"\" width=\"435\" height=\"268\" srcset=\"https:\/\/www.idforyou.fr\/blog\/wp-content\/uploads\/2017\/09\/GALAXYS6.jpg 435w, https:\/\/www.idforyou.fr\/blog\/wp-content\/uploads\/2017\/09\/GALAXYS6-300x185.jpg 300w\" sizes=\"(max-width: 435px) 100vw, 435px\" \/><\/p>\n<p style=\"text-align: justify;\"><span style=\"font-family: helvetica, arial, sans-serif; font-size: 10pt;\">La coque de protection pour Samsung Galaxy S6 d&rsquo;iD FOR YOUdispose d&rsquo;un syst\u00e8me de fixation magn\u00e9tique qui vous permet de fixer votre Galaxy S6 sur toutes les stations de chargement sans-fil Up Mobile, et de le recharger en un seul geste.<\/span><\/p>\n<p style=\"text-align: justify;\"><span style=\"font-family: helvetica, arial, sans-serif; font-size: 10pt;\">Le t\u00e9l\u00e9phone Samsung Galaxy S6 est dot\u00e9 nativement de la technologie de recharge sans-fil.\u00a0iD FOR YOU\u00a0propose ainsi une coque de protection extra fine \u00e9quip\u00e9e d&rsquo;un syst\u00e8me de fixation magn\u00e9tique. La combinaison de ces 2 fonctions (charge sans-fil et fixation magn\u00e9tique) procure un confort d&rsquo;utilisation in\u00e9gal\u00e9 \u00e0 l&rsquo;utilisateur.<\/span><\/p>\n<p style=\"text-align: center;\"><span style=\"font-family: helvetica, arial, sans-serif; font-size: 8pt;\"><a href=\"https:\/\/www.idforyou.fr\/fr\/chargeurs-a-induction\/176-upmss6.html\" target=\"_blank\" rel=\"noopener\">LIEN DIRECT POUR LA COQUE DE CHARGE SANS FIL POUR GALAXY S6<\/a><\/span><\/p>\n<hr \/>\n<p style=\"text-align: center;\"><span style=\"font-family: helvetica, arial, sans-serif; font-size: 12pt; color: #a7c4c8;\"><strong>Patch r\u00e9cepteur magn\u00e9tique de charge sans fil<\/strong><\/span><\/p>\n<p><img loading=\"lazy\" class=\"aligncenter wp-image-352 size-full\" src=\"https:\/\/www.idforyou.fr\/blog\/wp-content\/uploads\/2017\/09\/VISUEL_2_3.jpg\" alt=\"\" width=\"341\" height=\"217\" srcset=\"https:\/\/www.idforyou.fr\/blog\/wp-content\/uploads\/2017\/09\/VISUEL_2_3.jpg 341w, https:\/\/www.idforyou.fr\/blog\/wp-content\/uploads\/2017\/09\/VISUEL_2_3-300x191.jpg 300w\" sizes=\"(max-width: 341px) 100vw, 341px\" \/><\/p>\n<p><span style=\"font-family: helvetica, arial, sans-serif; font-size: 10pt;\">Le patch r\u00e9cepteur vient se placer sur la batterie de votre t\u00e9l\u00e9phone, \u00e0 l&#8217;emplacement pr\u00e9vu \u00e0 cet effet.\u00a0<\/span><span style=\"font-family: helvetica, arial, sans-serif; font-size: 10pt;\">Sans aucun risque d&rsquo;endommagement des composants.<\/span><\/p>\n<p style=\"text-align: center;\"><span style=\"font-family: helvetica, arial, sans-serif; font-size: 8pt;\"><a href=\"https:\/\/www.idforyou.fr\/fr\/supports\/148-upmss5-3700470000636.html\" target=\"_blank\" rel=\"noopener\">LIEN DIRECT POUR GALAXY S5<\/a><\/span><\/p>\n<hr \/>\n<p style=\"text-align: center;\"><span style=\"font-size: 12pt; font-family: helvetica, arial, sans-serif; color: #a7c4c8;\"><strong>Adapteur magn\u00e9tique pour<em>\u00a0<\/em>mobiles compatibles Qi<\/strong><\/span><\/p>\n<p><img loading=\"lazy\" class=\"aligncenter wp-image-351 size-full\" src=\"https:\/\/www.idforyou.fr\/blog\/wp-content\/uploads\/2017\/09\/UPM02.jpg\" alt=\"\" width=\"412\" height=\"228\" srcset=\"https:\/\/www.idforyou.fr\/blog\/wp-content\/uploads\/2017\/09\/UPM02.jpg 412w, https:\/\/www.idforyou.fr\/blog\/wp-content\/uploads\/2017\/09\/UPM02-300x166.jpg 300w\" sizes=\"(max-width: 412px) 100vw, 412px\" \/><\/p>\n<p style=\"text-align: justify;\"><span style=\"font-size: 10pt; font-family: helvetica, arial, sans-serif;\">L&rsquo;adaptateur magn\u00e9tique d&rsquo;Exelium a \u00e9t\u00e9 con\u00e7u pour les t\u00e9l\u00e9phones disposant de la charge sans-fil QI. Il vous permet de fixer votre t\u00e9l\u00e9phone sur toutes les stations de chargement sans-fil Exelium, et de le recharger en un seul geste.\u00a0<\/span><span style=\"font-size: 10pt; font-family: helvetica, arial, sans-serif;\">A appliquer directement sur le dos de votre smartphone ou sur un \u00e9tui de faible \u00e9paisseur (max: 2 mm)<br \/>\n<\/span><br \/>\n<span style=\"font-size: 10pt;\"><strong><span style=\"font-family: helvetica, arial, sans-serif;\">Existe en deux coloris : Noir et Blanc<\/span><\/strong><\/span><\/p>\n<p style=\"text-align: center;\"><span style=\"font-size: 8pt; font-family: helvetica, arial, sans-serif;\"><a href=\"https:\/\/www.idforyou.fr\/fr\/up-mobile\/377-adaptateur-magnetique-samsung-galaxy-s7s7e.html\" target=\"_blank\" rel=\"noopener\">LIEN DIRECT POUR L&rsquo;ADAPTEUR MAGNETIQUE POUR MOBILE COMPATIBLE QI<\/a><\/span><\/p>\n<hr \/>\n<p><img loading=\"lazy\" class=\"aligncenter wp-image-344 size-full\" src=\"https:\/\/www.idforyou.fr\/blog\/wp-content\/uploads\/2017\/09\/BANDEAU.jpg\" alt=\"\" width=\"1000\" height=\"247\" srcset=\"https:\/\/www.idforyou.fr\/blog\/wp-content\/uploads\/2017\/09\/BANDEAU.jpg 1000w, https:\/\/www.idforyou.fr\/blog\/wp-content\/uploads\/2017\/09\/BANDEAU-300x74.jpg 300w, https:\/\/www.idforyou.fr\/blog\/wp-content\/uploads\/2017\/09\/BANDEAU-768x190.jpg 768w\" sizes=\"(max-width: 767px) 89vw, (max-width: 1000px) 54vw, (max-width: 1071px) 543px, 580px\" \/><\/p>\n<hr \/>\n<p style=\"text-align: center;\"><span style=\"font-family: helvetica, arial, sans-serif; color: #a7c4c8; font-size: 24pt;\"><strong><span class=\"Style3\"><span style=\"font-size: 18pt;\">GAMME DE SUPPORTS<\/span><br \/>\n<\/span><\/strong><\/span><span style=\"font-family: helvetica, arial, sans-serif; color: #a7c4c8;\"><strong>Solution de charge sans fil pour la maison<\/strong><\/span><\/p>\n<table style=\"width: 520px;\">\n<tbody>\n<tr>\n<td style=\"width: 230px; text-align: left; vertical-align: middle;\"><img loading=\"lazy\" class=\"aligncenter wp-image-372 size-full\" src=\"https:\/\/www.idforyou.fr\/blog\/wp-content\/uploads\/2017\/09\/3763.jpg\" alt=\"\" width=\"250\" height=\"250\" srcset=\"https:\/\/www.idforyou.fr\/blog\/wp-content\/uploads\/2017\/09\/3763.jpg 250w, https:\/\/www.idforyou.fr\/blog\/wp-content\/uploads\/2017\/09\/3763-150x150.jpg 150w, https:\/\/www.idforyou.fr\/blog\/wp-content\/uploads\/2017\/09\/3763-100x100.jpg 100w\" sizes=\"(max-width: 250px) 100vw, 250px\" \/><\/td>\n<td style=\"width: 338.4px; text-align: justify; vertical-align: top;\"><span style=\"font-size: 10pt; font-family: helvetica, arial, sans-serif;\"><strong>Solution de charge sans fil pour la maison et\/ou vos d\u00e9placements, destin\u00e9e \u00e0 vous accompagner partout.<br \/>\n<\/strong>La Station prise secteur est la seule base de chargement sans-fil sans aucun c\u00e2ble. Vous n&rsquo;avez qu&rsquo;\u00e0 la brancher directement dans la prise.\u00a0Une fois votre mobile \u00e9quip\u00e9 d&rsquo;une solution r\u00e9ceptrice de charge sans-fil un simple contact avec la station suffit pour le fixer et lancer la charge.<\/span><\/td>\n<\/tr>\n<\/tbody>\n<\/table>\n<p style=\"text-align: justify;\"><span style=\"font-size: 10pt; font-family: helvetica, arial, sans-serif;\"><strong>Station prise secteur<br \/>\n<\/strong><\/span><span style=\"font-size: 10pt; font-family: helvetica, arial, sans-serif;\">La Station prise secteur se fixe directement dans la prise \u00e9lectrique de votre choix, vous pouvez ainsi garder un oeil sur vos applications en cours tout en chargeant votre t\u00e9l\u00e9phone !\u00a0Le voyant vous indique lorsque la station est sous-tension et lorsque votre appareil est en charge. La charge se stoppe automatiquement lorsque votre batterie est pleine et pr\u00e9serve ainsi sa dur\u00e9e de vie.<\/span><\/p>\n<p style=\"text-align: center;\"><span style=\"font-size: 8pt; font-family: helvetica, arial, sans-serif;\"><a href=\"https:\/\/www.idforyou.fr\/fr\/up-mobile\/349-prise-secteur-chargeur-induction-sans-fil-aimant-upm120.html\" target=\"_blank\" rel=\"noopener\">LIEN DIRECT POUR\u00a0CHARGEUR SANS-FIL &#8211; STATION PRISE SECTEUR<\/a><\/span><\/p>\n<hr \/>\n<p style=\"text-align: center;\"><span style=\"font-family: helvetica, arial, sans-serif; color: #a7c4c8;\"><strong>Solution de charge sans-fil en voiture<\/strong><\/span><\/p>\n<table style=\"width: 525px;\">\n<tbody>\n<tr>\n<td style=\"width: 230px; text-align: left; vertical-align: middle;\"><img loading=\"lazy\" class=\"alignnone size-full wp-image-374\" src=\"https:\/\/www.idforyou.fr\/blog\/wp-content\/uploads\/2017\/09\/support-ventilation-auto-chargeur-induction-sans-fil-aimant-1.jpg\" alt=\"\" width=\"250\" height=\"250\" srcset=\"https:\/\/www.idforyou.fr\/blog\/wp-content\/uploads\/2017\/09\/support-ventilation-auto-chargeur-induction-sans-fil-aimant-1.jpg 250w, https:\/\/www.idforyou.fr\/blog\/wp-content\/uploads\/2017\/09\/support-ventilation-auto-chargeur-induction-sans-fil-aimant-1-150x150.jpg 150w, https:\/\/www.idforyou.fr\/blog\/wp-content\/uploads\/2017\/09\/support-ventilation-auto-chargeur-induction-sans-fil-aimant-1-100x100.jpg 100w\" sizes=\"(max-width: 250px) 100vw, 250px\" \/><\/td>\n<td style=\"width: 520px; text-align: left; vertical-align: top;\">\n<p style=\"text-align: justify;\"><span style=\"font-size: 10pt; font-family: helvetica, arial, sans-serif;\"><strong>Solution de charge sans-fil en voiture sur grille d&rsquo;a\u00e9ration combinant technologie de charge sans-fil Qi et fixation magn\u00e9tique.<\/strong><\/span><br \/>\n<span style=\"font-size: 10pt; font-family: helvetica, arial, sans-serif;\">Le chargeur sans-fil voiture pour grille d&rsquo;a\u00e9ration d&rsquo;Exelium combine la technologie de charge sans-fil Qi et la fixation magn\u00e9tique.<\/span><\/p>\n<\/td>\n<\/tr>\n<\/tbody>\n<\/table>\n<p style=\"text-align: justify;\"><span style=\"font-family: helvetica, arial, sans-serif; font-size: 10pt;\">Le chargeur est compatible avec toutes les solutions Up&rsquo; Mobile. Une fois votre mobile \u00e9quip\u00e9 d&rsquo;une solution r\u00e9ceptrice de charge sans-fil un simple contact avec la station suffit pour le fixer et lancer la charge.<\/span><\/p>\n<p style=\"text-align: center;\"><span style=\"font-family: helvetica, arial, sans-serif; font-size: 8pt;\"><a href=\"https:\/\/www.idforyou.fr\/fr\/up-mobile\/436-support-ventilation-auto-chargeur-induction-sans-fil-aimant.html\" target=\"_blank\" rel=\"noopener\">LIEN DIRECT POUR LE SUPPORT GRILLE AERATION AUTO AVEC CHARGE PAR INDUCTION<\/a><\/span><\/p>\n<hr \/>\n<p style=\"text-align: center;\"><span style=\"font-family: helvetica, arial, sans-serif; color: #a7c4c8;\"><strong>Solution de charge sans fil pour bureau<\/strong><\/span><\/p>\n<table style=\"width: 525px;\">\n<tbody>\n<tr>\n<td style=\"width: 230px; text-align: center; vertical-align: top;\"><img loading=\"lazy\" class=\"alignnone size-full wp-image-375\" src=\"https:\/\/www.idforyou.fr\/blog\/wp-content\/uploads\/2017\/09\/VISUEL_5.jpg\" alt=\"\" width=\"250\" height=\"250\" srcset=\"https:\/\/www.idforyou.fr\/blog\/wp-content\/uploads\/2017\/09\/VISUEL_5.jpg 250w, https:\/\/www.idforyou.fr\/blog\/wp-content\/uploads\/2017\/09\/VISUEL_5-150x150.jpg 150w, https:\/\/www.idforyou.fr\/blog\/wp-content\/uploads\/2017\/09\/VISUEL_5-100x100.jpg 100w\" sizes=\"(max-width: 250px) 100vw, 250px\" \/><\/td>\n<td style=\"width: 520px; text-align: left; vertical-align: top;\">\n<p style=\"text-align: justify;\"><span style=\"font-size: 10pt; font-family: helvetica, arial, sans-serif;\"><strong>Solution de charge sans fil pour bureau, destin\u00e9e \u00e0 \u00eatre plac\u00e9e au c\u00f4t\u00e9 de votre ordinateur.\u00a0<\/strong><\/span><span style=\"font-size: 10pt; font-family: helvetica, arial, sans-serif;\">La station de charge sans fil pour bureau \u00e0 \u00e9t\u00e9 dessin\u00e9e pour \u00eatre plac\u00e9e \u00e0 c\u00f4t\u00e9 de votre ordinateur : elle peut accueillir votre smartphone en portrait ou en paysage gr\u00e2ce \u00e0 son syst\u00e8me de fixation magn\u00e9tique La charge de votre t\u00e9l\u00e9phone d\u00e9marrera instantan\u00e9ment.\u00a0<\/span><\/p>\n<\/td>\n<\/tr>\n<\/tbody>\n<\/table>\n<p style=\"text-align: center;\"><span style=\"font-size: 8pt; font-family: helvetica, arial, sans-serif;\"><a href=\"https:\/\/www.idforyou.fr\/fr\/up-mobile\/351-support-bureau-chargeur-induction-sans-fil-aimant-.html\" target=\"_blank\" rel=\"noopener\">LIEN DIRECT POUR LA STATION DE BUREAU DE CHARGE PAR INDUCTION<\/a><\/span><\/p>\n<hr \/>\n<p style=\"text-align: center;\"><span style=\"font-family: helvetica, arial, sans-serif; color: #a7c4c8;\"><strong>Solution de charge sans-fil en voiture sur pare brise\u00a0<\/strong><\/span><\/p>\n<table style=\"width: 525px;\">\n<tbody>\n<tr>\n<td style=\"width: 230px; text-align: left; vertical-align: middle;\"><img loading=\"lazy\" class=\"alignnone size-full wp-image-376\" src=\"https:\/\/www.idforyou.fr\/blog\/wp-content\/uploads\/2017\/09\/VISUEL_6.jpg\" alt=\"\" width=\"250\" height=\"250\" srcset=\"https:\/\/www.idforyou.fr\/blog\/wp-content\/uploads\/2017\/09\/VISUEL_6.jpg 250w, https:\/\/www.idforyou.fr\/blog\/wp-content\/uploads\/2017\/09\/VISUEL_6-150x150.jpg 150w, https:\/\/www.idforyou.fr\/blog\/wp-content\/uploads\/2017\/09\/VISUEL_6-100x100.jpg 100w\" sizes=\"(max-width: 250px) 100vw, 250px\" \/><\/td>\n<td style=\"width: 520px; text-align: left; vertical-align: top;\">\n<p style=\"text-align: justify;\"><span style=\"font-size: 10pt; font-family: helvetica, arial, sans-serif;\"><strong>Solution de charge sans-fil en voiture sur pare brise combinant technologie de charge sans-fil Qi et fixation magn\u00e9tique.<br \/>\n<\/strong><\/span><span style=\"font-size: 10pt; font-family: helvetica, arial, sans-serif;\">La station de charge auto est une solution exclusive d&rsquo;Exelium qui permet au conducteur de fixer et charger son t\u00e9l\u00e9phone tout en utilisant ses fonctions, telle que le GPS.<\/span><\/p>\n<\/td>\n<\/tr>\n<\/tbody>\n<\/table>\n<p style=\"text-align: center;\"><span style=\"font-size: 8pt; font-family: helvetica, arial, sans-serif;\"><a href=\"https:\/\/www.idforyou.fr\/fr\/up-mobile\/350-support-auto-chargeur-induction-aimant.html\" target=\"_blank\" rel=\"noopener\">LIEN DIRECT POUR LE SUPPORT AUTO AVEC CHARGE PAR INDUCTION<\/a><\/span><\/p>\n<hr \/>\n<p style=\"text-align: center;\"><span style=\"font-family: helvetica, arial, sans-serif; color: #a7c4c8;\"><strong>Solution de charge sans fil de secours<\/strong><\/span><\/p>\n<table style=\"width: 525px;\">\n<tbody>\n<tr>\n<td style=\"width: 230px; text-align: left; vertical-align: middle;\"><img loading=\"lazy\" class=\"alignnone size-full wp-image-373\" src=\"https:\/\/www.idforyou.fr\/blog\/wp-content\/uploads\/2017\/09\/powerbank-inductive-upmobile.jpg\" alt=\"\" width=\"250\" height=\"250\" srcset=\"https:\/\/www.idforyou.fr\/blog\/wp-content\/uploads\/2017\/09\/powerbank-inductive-upmobile.jpg 250w, https:\/\/www.idforyou.fr\/blog\/wp-content\/uploads\/2017\/09\/powerbank-inductive-upmobile-150x150.jpg 150w, https:\/\/www.idforyou.fr\/blog\/wp-content\/uploads\/2017\/09\/powerbank-inductive-upmobile-100x100.jpg 100w\" sizes=\"(max-width: 250px) 100vw, 250px\" \/><\/td>\n<td style=\"width: 520px; text-align: left; vertical-align: top;\">\n<p style=\"text-align: justify;\"><span style=\"font-family: helvetica, arial, sans-serif; font-size: 10pt;\"><strong>Solution de charge sans fil de secours, toujours \u00e0 porter de main pour \u00e9viter toute panne de batterie.<br \/>\n<\/strong><\/span><span style=\"font-family: helvetica, arial, sans-serif; font-size: 10pt;\">Le pack batterie externe, compos\u00e9\u00a0de la batterie sans-fil et de la coque r\u00e9ceptrice, vous permet de recharger de mani\u00e8re simple et rapide votre smartphone lors de vos d\u00e9placements.<br \/>\n<\/span><span style=\"font-family: helvetica, arial, sans-serif; font-size: 10pt;\">Fixez la batterie \u00e0 l\u2019aide des aimants sur l\u2019\u00e9tui de votre smartphone afin de prolonger son autonomie.<\/span><\/p>\n<\/td>\n<\/tr>\n<\/tbody>\n<\/table>\n<p style=\"text-align: center;\"><span style=\"font-size: 8pt; font-family: helvetica, arial, sans-serif;\"><a href=\"https:\/\/www.idforyou.fr\/fr\/up-mobile\/437-powerbank-inductive-upmobile.html\" target=\"_blank\" rel=\"noopener\">LIEN DIRECT POUR LA POWERBANK INDUCTIVE UP MOBILE<\/a><\/span><\/p>\n","protected":false},"excerpt":{"rendered":"<p>La ligne UP MOBILE propose des solutions de chargement par induction. Un simple contact suffit pour que la charge d\u00e9marre. Le syst\u00e8me magn\u00e9tique permet une parfaite fixation du mobile en voiture, au bureau, dans la cuisine ou via sa PowerBank magn\u00e9tique. Compatibilit\u00e9 entre toutes les solutions UP MOBILE ainsi qu\u2019avec de nombreuses solutions de charges &hellip; <\/p>\n<p class=\"link-more\"><a href=\"https:\/\/www.idforyou.fr\/blog\/decouvrez-la-technologie-de-charge-sans-fil-up-mobile\/\" class=\"more-link\">Continuer la lecture<span class=\"screen-reader-text\"> de &laquo;&nbsp;\u00ab D\u00e9couvrez la technologie de charge sans fil Up Mobile\u00a0\u00bb&nbsp;&raquo;<\/span><\/a><\/p>\n","protected":false},"author":2,"featured_media":0,"parent":0,"menu_order":0,"comment_status":"closed","ping_status":"closed","template":"","meta":[],"_links":{"self":[{"href":"https:\/\/www.idforyou.fr\/blog\/wp-json\/wp\/v2\/pages\/343"}],"collection":[{"href":"https:\/\/www.idforyou.fr\/blog\/wp-json\/wp\/v2\/pages"}],"about":[{"href":"https:\/\/www.idforyou.fr\/blog\/wp-json\/wp\/v2\/types\/page"}],"author":[{"embeddable":true,"href":"https:\/\/www.idforyou.fr\/blog\/wp-json\/wp\/v2\/users\/2"}],"replies":[{"embeddable":true,"href":"https:\/\/www.idforyou.fr\/blog\/wp-json\/wp\/v2\/comments?post=343"}],"version-history":[{"count":28,"href":"https:\/\/www.idforyou.fr\/blog\/wp-json\/wp\/v2\/pages\/343\/revisions"}],"predecessor-version":[{"id":416,"href":"https:\/\/www.idforyou.fr\/blog\/wp-json\/wp\/v2\/pages\/343\/revisions\/416"}],"wp:attachment":[{"href":"https:\/\/www.idforyou.fr\/blog\/wp-json\/wp\/v2\/media?parent=343"}],"curies":[{"name":"wp","href":"https:\/\/api.w.org\/{rel}","templated":true}]}}