{"id":418,"date":"2017-10-31T09:28:10","date_gmt":"2017-10-31T08:28:10","guid":{"rendered":"https:\/\/www.idforyou.fr\/blog\/?page_id=418"},"modified":"2017-10-31T09:28:10","modified_gmt":"2017-10-31T08:28:10","slug":"mmu118","status":"publish","type":"page","link":"https:\/\/www.idforyou.fr\/blog\/mmu118\/","title":{"rendered":"MMU118"},"content":{"rendered":"<table style=\"width: 800px;\" border=\"0\" cellspacing=\"0\" cellpadding=\"0\" align=\"center\"><!--DWLayoutTable--><\/p>\n<tbody>\n<tr>\n<td style=\"text-align: center;\" colspan=\"5\" valign=\"top\" height=\"19\"><\/td>\n<\/tr>\n<tr>\n<td valign=\"top\" width=\"250\" height=\"39\"><\/td>\n<td valign=\"top\" width=\"9\"><\/td>\n<td valign=\"top\" width=\"282\"><\/td>\n<td valign=\"top\" width=\"9\"><\/td>\n<td valign=\"top\" width=\"250\"><\/td>\n<\/tr>\n<tr>\n<td colspan=\"3\" valign=\"top\" height=\"189\"><strong><span style=\"font-size: 14pt;\">Support sur tube MagConnect\u00a0<\/span><\/strong><\/p>\n<p style=\"text-align: justify;\"><span style=\"font-size: 12pt;\">Le Support sur tube MagConnect est la meilleure solution pour fixer sa tablette \u00e0 une surface ronde avec un\u00a0minimum de prise. Le bras court en fibre de carbone vous relie de fa\u00e7on fiable \u00e0 votre tablette, vous\u00a0la gardez \u00e0 port\u00e9e de main. Ce support pour tablette s\u2019adapte id\u00e9alement aux surfaces axiales ou tubulaires.<\/p>\n<p>Attachez votre tablette \u00e0 un pied de microphone ou \u00e0 un tr\u00e9pied d&rsquo;appareil photo gr\u00e2ce au support pour tube MagConnect pour une visualisation facile et la garder \u00e0 porte de main. Parfait pour les shooting ou les tournages photo\/vid\u00e9o en utilisant votre tablette en tant qu\u2019objectif.<\/span><\/p>\n<p style=\"text-align: justify;\">\n<\/td>\n<td valign=\"top\">\n<table border=\"0\" width=\"100%\" cellspacing=\"0\" cellpadding=\"0\"><!--DWLayoutTable--><\/p>\n<tbody>\n<tr>\n<td width=\"9\" height=\"189\"><\/td>\n<\/tr>\n<\/tbody>\n<\/table>\n<\/td>\n<td valign=\"top\"><img loading=\"lazy\" src=\"https:\/\/www.idforyou.fr\/img\/cms\/MMU118\/21_SMALL.jpg\" alt=\"\" width=\"250\" height=\"250\" \/><\/td>\n<\/tr>\n<tr>\n<td colspan=\"5\" valign=\"top\" height=\"383\">\n<table style=\"width: 100%;\" border=\"0\" cellspacing=\"0\" cellpadding=\"0\"><!--DWLayoutTable--><\/p>\n<tbody>\n<tr>\n<td style=\"text-align: center;\" valign=\"top\" width=\"800\" height=\"19\"><span style=\"font-size: 12pt;\"><img loading=\"lazy\" src=\"https:\/\/www.idforyou.fr\/img\/cms\/MMA200KIT\/divider.jpg\" alt=\"\" width=\"800\" height=\"15\" \/><\/p>\n<p><iframe loading=\"lazy\" src=\"https:\/\/www.youtube.com\/embed\/Icwb6VPFpZU\" width=\"560\" height=\"315\" frameborder=\"0\"><\/iframe><\/p>\n<p><img loading=\"lazy\" src=\"https:\/\/www.idforyou.fr\/img\/cms\/MMA200KIT\/divider.jpg\" alt=\"\" width=\"800\" height=\"15\" \/><\/p>\n<p><\/span><\/td>\n<\/tr>\n<\/tbody>\n<\/table>\n<\/td>\n<\/tr>\n<tr>\n<td colspan=\"3\" valign=\"top\" height=\"250\">\n<p class=\"Style2\"><span style=\"font-size: 14pt;\"><strong>Sp\u00e9cificit\u00e9s<br \/>\n<\/strong><\/span><\/p>\n<p class=\"Style2\" style=\"text-align: justify;\"><span style=\"font-size: 12pt;\">\u2022\u00a0Alliage solide en aluminium, gage de durabilit\u00e9<br \/>\n\u2022\u00a0Trois inserts d\u2019un diam\u00e8tre allant de 2 cm \u00e0 3,175 cm pour s\u2019adapter \u00e0 tous types de tubes<br \/>\n\u2022\u00a0Peut \u00eatre utilis\u00e9 comme un deuxi\u00e8me bras pour fixer un autre appareil ou p\u00e9riph\u00e9rique (Point de vente, Comptoir de bar, &#8230;)<br \/>\n\u2022\u00a0Support fabriqu\u00e9 en fibre de carbone, alliage solide et l\u00e9ger<br \/>\n\u2022\u00a0Jointures flexibles permettant une rotation jusqu&rsquo;\u00e0 360\u00ba.<br \/>\n\u2022\u00a0Connexion magn\u00e9tique pour un montage et un d\u00e9montage rapide.<\/span><\/p>\n<p class=\"Style2\" style=\"text-align: justify;\">\n<p><strong><span style=\"font-size: 14pt;\">Caract\u00e9ristiques<\/span><\/strong><\/p>\n<p><span style=\"font-size: 12pt;\">\u2022\u00a0Materiau : Fibre de carbone<br \/>\n\u2022\u00a0Poids : 0,45 kg<br \/>\n\u2022\u00a0Longueur du bras : 15,24 cm x 2,54 cm<br \/>\n\u2022\u00a0Diametre de l\u2019anneau du support : de 2 cm \u00e0 3,175 cm<br \/>\n\u2022\u00a0Jointures : 1 joint sph\u00e9rique \u00e0 la base, 1 joint sph\u00e9rique au point de connexion de la tablette<br \/>\n\u2022\u00a0Connexion :\u00a0Magn\u00e9tique<br \/>\n\u2022\u00a0Poids de charge : plus de 4 kg<\/span><\/td>\n<td valign=\"top\"><\/td>\n<td valign=\"top\"><img loading=\"lazy\" src=\"https:\/\/www.idforyou.fr\/img\/cms\/MMU118\/25_SMALL.jpg\" alt=\"\" width=\"250\" height=\"250\" \/><\/p>\n<p><img loading=\"lazy\" src=\"https:\/\/www.idforyou.fr\/img\/cms\/MMU118\/23SMALL.jpg\" alt=\"\" width=\"250\" height=\"250\" \/><\/td>\n<\/tr>\n<tr>\n<td colspan=\"5\" valign=\"top\" height=\"129\">\n<table style=\"width: 100%;\" border=\"0\" cellspacing=\"0\" cellpadding=\"0\"><!--DWLayoutTable--><\/p>\n<tbody>\n<tr>\n<td valign=\"top\" width=\"800\" height=\"15\">\n<p class=\"Style2\" align=\"center\"><span style=\"text-decoration: underline;\"><strong><a href=\"https:\/\/www.idforyou.fr\/fr\/content\/22-magconnect\" target=\"_blank\" rel=\"noopener\"><strong>Cliquer ici pour\u00a0d\u00e9couvrir la magie de la technologie\u00a0MagConnect\u2122<\/strong><\/a><\/strong><\/span><\/p>\n<div align=\"center\">\n<p><span style=\"font-size: 12pt;\"><strong><strong>Ce support est compatible avec les mod\u00e8les suivants :<br \/>\n<\/strong><strong>iPad 2\/3\/4, iPad Air 1\/2, iPad Mini 1\/2\/3\/4,\u00a0iPad Pro 9.7 et 12.9, nouvel iPad 9.7, Surface Pro 4,<br \/>\net autres tablettes de 7,5 \u00e0 12&Prime; ou smartphones de 2,25 \u00e0 3,5&Prime;<\/strong><br \/>\n<\/strong><\/span><br \/>\n<img loading=\"lazy\" src=\"https:\/\/www.idforyou.fr\/img\/cms\/MMA200KIT\/divider.jpg\" alt=\"\" width=\"800\" height=\"15\" \/><\/p>\n<\/div>\n<\/td>\n<\/tr>\n<\/tbody>\n<\/table>\n<\/td>\n<\/tr>\n<tr>\n<td colspan=\"5\" valign=\"top\" height=\"187\"><img loading=\"lazy\" src=\"https:\/\/www.idforyou.fr\/img\/cms\/BANDEAU_SOLIDITE_ET_LEGERETE_V2_3.jpg\" alt=\"\" width=\"800\" height=\"187\" \/><\/td>\n<\/tr>\n<tr>\n<td colspan=\"5\" valign=\"top\" height=\"53\">\n<table style=\"width: 100%;\" border=\"0\" cellspacing=\"0\" cellpadding=\"0\"><!--DWLayoutTable--><\/p>\n<tbody>\n<tr>\n<td valign=\"top\" width=\"800\" height=\"15\">\n<img loading=\"lazy\" src=\"https:\/\/www.idforyou.fr\/img\/cms\/MMA200KIT\/divider.jpg\" alt=\"\" width=\"800\" height=\"15\" \/><\/td>\n<\/tr>\n<\/tbody>\n<\/table>\n<\/td>\n<\/tr>\n<tr>\n<td colspan=\"5\" valign=\"top\" height=\"187\">\n<table style=\"width: 100%;\" border=\"0\" cellspacing=\"0\" cellpadding=\"0\"><!--DWLayoutTable--><\/p>\n<tbody>\n<tr>\n<td valign=\"top\" width=\"800\" height=\"187\"><img loading=\"lazy\" src=\"https:\/\/www.idforyou.fr\/img\/cms\/BANDEAU_JOINT_SPHERIQUE_V2_2.jpg\" alt=\"\" width=\"800\" height=\"187\" \/><\/td>\n<\/tr>\n<\/tbody>\n<\/table>\n<\/td>\n<\/tr>\n<tr>\n<td colspan=\"5\" valign=\"top\" height=\"53\">\n<table style=\"width: 100%;\" border=\"0\" cellspacing=\"0\" cellpadding=\"0\"><!--DWLayoutTable--><\/p>\n<tbody>\n<tr>\n<td valign=\"top\" width=\"800\" height=\"15\">\n<img loading=\"lazy\" src=\"https:\/\/www.idforyou.fr\/img\/cms\/MMA200KIT\/divider.jpg\" alt=\"\" width=\"800\" height=\"15\" \/><\/td>\n<\/tr>\n<\/tbody>\n<\/table>\n<\/td>\n<\/tr>\n<tr>\n<td colspan=\"5\" valign=\"top\" height=\"287\">\n<table style=\"width: 100%;\" border=\"0\" cellspacing=\"0\" cellpadding=\"0\"><!--DWLayoutTable--><\/p>\n<tbody>\n<tr>\n<td valign=\"top\" width=\"800\" height=\"234\"><img loading=\"lazy\" src=\"https:\/\/www.idforyou.fr\/img\/cms\/BANDEAU_COQUES_PERSO_V2_2.jpg\" alt=\"\" width=\"800\" height=\"234\" \/><\/p>\n<p><img loading=\"lazy\" src=\"https:\/\/www.idforyou.fr\/img\/cms\/MMA200KIT\/divider.jpg\" alt=\"\" width=\"800\" height=\"15\" \/><\/td>\n<\/tr>\n<p><!--DWLayoutTable--><\/tbody>\n<\/table>\n<\/td>\n<\/tr>\n<tr>\n<td style=\"text-align: center;\" colspan=\"5\" valign=\"top\" height=\"684\">\n<address><img loading=\"lazy\" src=\"https:\/\/www.idforyou.fr\/img\/cms\/BANDEAU COQUE V2\/BANDEAU_COQUES_V2_OK.jpg\" alt=\"\" width=\"800\" height=\"900\" \/><\/address>\n<\/td>\n<\/tr>\n<\/tbody>\n<\/table>\n<address>\u00a0<\/address>\n","protected":false},"excerpt":{"rendered":"<p>Support sur tube MagConnect\u00a0 Le Support sur tube MagConnect est la meilleure solution pour fixer sa tablette \u00e0 une surface ronde avec un\u00a0minimum de prise. Le bras court en fibre de carbone vous relie de fa\u00e7on fiable \u00e0 votre tablette, vous\u00a0la gardez \u00e0 port\u00e9e de main. Ce support pour tablette s\u2019adapte id\u00e9alement aux surfaces axiales &hellip; <\/p>\n<p class=\"link-more\"><a href=\"https:\/\/www.idforyou.fr\/blog\/mmu118\/\" class=\"more-link\">Continuer la lecture<span class=\"screen-reader-text\"> de &laquo;&nbsp;MMU118&nbsp;&raquo;<\/span><\/a><\/p>\n","protected":false},"author":2,"featured_media":0,"parent":0,"menu_order":0,"comment_status":"closed","ping_status":"closed","template":"","meta":[],"_links":{"self":[{"href":"https:\/\/www.idforyou.fr\/blog\/wp-json\/wp\/v2\/pages\/418"}],"collection":[{"href":"https:\/\/www.idforyou.fr\/blog\/wp-json\/wp\/v2\/pages"}],"about":[{"href":"https:\/\/www.idforyou.fr\/blog\/wp-json\/wp\/v2\/types\/page"}],"author":[{"embeddable":true,"href":"https:\/\/www.idforyou.fr\/blog\/wp-json\/wp\/v2\/users\/2"}],"replies":[{"embeddable":true,"href":"https:\/\/www.idforyou.fr\/blog\/wp-json\/wp\/v2\/comments?post=418"}],"version-history":[{"count":1,"href":"https:\/\/www.idforyou.fr\/blog\/wp-json\/wp\/v2\/pages\/418\/revisions"}],"predecessor-version":[{"id":420,"href":"https:\/\/www.idforyou.fr\/blog\/wp-json\/wp\/v2\/pages\/418\/revisions\/420"}],"wp:attachment":[{"href":"https:\/\/www.idforyou.fr\/blog\/wp-json\/wp\/v2\/media?parent=418"}],"curies":[{"name":"wp","href":"https:\/\/api.w.org\/{rel}","templated":true}]}}